{"id":2772,"date":"2025-09-16T12:19:09","date_gmt":"2025-09-16T12:19:09","guid":{"rendered":"https:\/\/www.lbaytk.com\/index.php\/product\/ceramic-apple-pumpkin-decor-set\/"},"modified":"2025-09-16T19:04:56","modified_gmt":"2025-09-16T19:04:56","slug":"ceramic-apple-pumpkin-decor-set","status":"publish","type":"product","link":"https:\/\/www.lbaytk.com\/index.php\/product\/ceramic-apple-pumpkin-decor-set\/","title":{"rendered":"Ceramic Apple &amp; Pumpkin Decor Set"},"content":{"rendered":"<p>Ceramic decor set featuring an apple and a pumpkin<\/p>\n<p>Apple: 17\u00d710 cm, black and gold<\/p>\n<p>Pumpkin: 10\u00d710 cm, black<\/p>\n<p>Elegant and luxurious design adds a stylish touch to home d\u00e9cor<\/p>\n<p>Perfect for bedrooms, offices, or side tables<\/p>\n","protected":false},"excerpt":{"rendered":"<p>Ceramic decor set featuring an apple and a pumpkin Apple: 17\u00d710 cm, black and gold Pumpkin: 10\u00d710 cm, black Elegant and luxurious design adds a stylish touch to home d\u00e9cor Perfect for bedrooms, offices, or side tables<\/p>\n","protected":false},"featured_media":2769,"template":"","meta":{"_bst_post_transparent":"default","_bst_post_title":"","_bst_post_layout":"default","_bst_post_sidebar_id":"","_bst_post_content_style":"default","_bst_post_vertical_padding":"default","_bst_post_feature":"","_bst_post_feature_position":"","_bst_post_header":false,"_bst_post_footer":false},"product_brand":[],"product_cat":[121],"product_tag":[],"product_brands":[],"class_list":{"0":"post-2772","1":"product","2":"type-product","3":"status-publish","4":"has-post-thumbnail","6":"product_cat-bundel-home-decor","8":"first","9":"instock","10":"shipping-taxable","11":"purchasable","12":"product-type-simple","13":"entry","14":"content-bg","15":"loop-entry"},"jetpack_sharing_enabled":true,"_links":{"self":[{"href":"https:\/\/www.lbaytk.com\/index.php\/wp-json\/wp\/v2\/product\/2772","targetHints":{"allow":["GET"]}}],"collection":[{"href":"https:\/\/www.lbaytk.com\/index.php\/wp-json\/wp\/v2\/product"}],"about":[{"href":"https:\/\/www.lbaytk.com\/index.php\/wp-json\/wp\/v2\/types\/product"}],"wp:featuredmedia":[{"embeddable":true,"href":"https:\/\/www.lbaytk.com\/index.php\/wp-json\/wp\/v2\/media\/2769"}],"wp:attachment":[{"href":"https:\/\/www.lbaytk.com\/index.php\/wp-json\/wp\/v2\/media?parent=2772"}],"wp:term":[{"taxonomy":"product_brand","embeddable":true,"href":"https:\/\/www.lbaytk.com\/index.php\/wp-json\/wp\/v2\/product_brand?post=2772"},{"taxonomy":"product_cat","embeddable":true,"href":"https:\/\/www.lbaytk.com\/index.php\/wp-json\/wp\/v2\/product_cat?post=2772"},{"taxonomy":"product_tag","embeddable":true,"href":"https:\/\/www.lbaytk.com\/index.php\/wp-json\/wp\/v2\/product_tag?post=2772"},{"taxonomy":"product_brands","embeddable":true,"href":"https:\/\/www.lbaytk.com\/index.php\/wp-json\/wp\/v2\/product_brands?post=2772"}],"curies":[{"name":"wp","href":"https:\/\/api.w.org\/{rel}","templated":true}]}}